 20*b + 25. Let i be k(-19). What are the prime factors of l(i)?
79
Suppose -4*s - 6 = 22. Let l(g) = 3*g + 17. Let t be l(s). Let m(z) = z**3 + 7*z**2 + 3*z - 9. What are the prime factors of m(t)?
3
Let f(w) = w**2 - 2*w + 1. Let t be f(1). Suppose t = -0*h - h + 194. List the prime factors of h/8 - 1/4.
2, 3
Let t(m) = -20*m - 7. Let l be t(-14). Suppose -l = -5*p - 4*x, p - 51 = -x - x. What are the prime factors of p?
3, 19
Let m be (1/(-2))/((-1)/16). Suppose -3*q - m + 35 = 0. Suppose -2*d + q = -d. What are the prime factors of d?
3
Let p(f) = -f**3 - 12*f**2 + 13*f + 31. List the prime factors of p(-15).
7, 73
Let h(c) = c**3 + 4*c**2 + c - 1. Let v be h(-3). Suppose -7*w = -v*w - 272. What are the prime factors of w?
2, 17
Let u = 11812 - 6537. What are the prime factors of u?
5, 211
Suppose 0 = l, -5*l - 24 - 44 = 2*p. Let b = 96 + p. What are the prime factors of b?
2, 31
Suppose 37*u - 10 = 42*u. What are the prime factors of (151 - u/2) + (-1)/(-1)?
3, 17
What are the prime factors of ((-2)/(-1))/(7/854)?
2, 61
Let s be (-2)/3*(-399)/(-14). Let i = s - -19. Suppose 0 = -4*u - c + 123, 5*u = -i*u - 2*c + 153. What are the prime factors of u?
31
Let w(u) = -3 + 7*u + u**3 + 3 - 8*u**2 + 1 - u. Let s be w(7). What are the prime factors of s/(-7)*(-28)/(-4)?
2, 3
List the prime factors of 223*12/10*65/26.
3, 223
Let g(v) = 3*v**3 - v**2. Let m be g(1). Suppose -3*w = 4*y + 36, w + 3*y - 25 = m*w. List the prime factors of (-12)/w*4/1.
3
Let n(z) = -z**3 + 2*z**2 - 5. Let a be n(-3). Suppose 3*s = k - a, 4*k = 4*s - 7*s + 85. List the prime factors of k.
5
Let m = -126 + 672. List the prime factors of m.
2, 3, 7, 13
Let i = 22 - 18. Let g(a) = a**3 + 10*a**2 + 11*a + 10. Let t be g(-9). What are the prime factors of (-102)/i*t/6?
2, 17
Let g(f) = 5*f - 31. Let t be g(7). Suppose -3*p - p - t*k = -672, 0 = -3*p - 2*k + 508. What are the prime factors of p?
2, 43
Suppose 5*r - 200 = 2*a, 2*r - 195 = -3*r + 3*a. List the prime factors of r.
2, 3, 7
Suppose -q - 14 = -77. Suppose -4*d - q = -267. List the prime factors of d.
3, 17
Suppose -134*o + 3*d = -130*o - 19309, 9658 = 2*o + 2*d. What are the prime factors of o?
2, 17, 71
List the prime factors of (6/(-4))/((-33)/20768).
2, 59
Suppose 0 = -5*x - 3*u + 2350, 1410 = 3*x - 9*u + 6*u. What are the prime factors of x?
2, 5, 47
Suppose -2*i = 4*j - 8006, 20 = -4*j - j. List the prime factors of i.
3, 7, 191
Suppose -415 = 13*z - 4562. What are the prime factors of z?
11, 29
Let l(b) = -163*b**3 - 1. Let q be l(-1). Suppose -17*f = -14*f - q. What are the prime factors of f?
2, 3
Suppose 2842 + 4646 = 6*w. What are the prime factors of w?
2, 3, 13
Suppose -19 = -r - 2*r + 5*n, 4*r = -2*n + 8. Suppose -r*u - 36 = -12*u. What are the prime factors of u?
2
Suppose -j = -3*h - 2114, 5*h + 2339 = -3*j + 8611. What are the prime factors of j?
2099
Let r(f) = 2*f**2 + f + 1. Suppose 0 = 4*i + 2*w - 56, i = -4*w - 0*w + 7. Let d = 12 - i. What are the prime factors of r(d)?
2
Suppose 0 = -5*t + 137 + 603. Suppose 2*x = 4*x - t. Let n = x - 13. List the prime factors of n.
61
Let o(n) be the first derivative of -n**3 + 23*n**2 + 2*n - 30. What are the prime factors of o(10)?
2, 3
Suppose -4*i + 228 = -0*i. Let k = 88 - i. Let v = -18 + k. List the prime factors of v.
13
Suppose 0 = 3*h + 2*h. Suppose h = -2*k + 3*t + 63, -7*k + 2*k - t = -132. List the prime factors of k.
3
Suppose -3*c = 3*v - 2214, -5*c = -8*v + 10*v - 1485. What are the prime factors of v?
3, 5, 7
Suppose 2*a - a + 4*o = 285, -5*a - 4*o = -1505. List the prime factors of a.
5, 61
Let w(u) = u + 16. Let z be w(-8). Suppose -q + z = q. Suppose -q*v - 65 = -9*v. List the prime factors of v.
13
Let c(q) = 73*q + 7. Let a be c(5). Let f = -214 + a. Suppose -3*i - 179 = -8*x + 3*x, 4*x + 5*i - f = 0. What are the prime factors of x?
37
Suppose 2*h - 3*k = 3, -5*h - k - 2*k - 45 = 0. Let b = 16 + h. What are the prime factors of b?
2, 5
Let w = -629 - -1031. What are the prime factors of w?
2, 3, 67
Let u = 23 + -45. Let x = u + 21. What are the prime factors of 1/((x + 4)/51)?
17
Suppose -5*t = q - 9985, 0 = 5*t + 5*q - 7*q - 10000. What are the prime factors of t?
2, 3, 37
List the prime factors of ((-3)/((-45)/12))/(58/167910).
2, 3, 193
Suppose -5*k + 2*k = -d - 143, 2*k - 145 = d. Let w = d - -208. What are the prime factors of w?
59
Suppose v + 110 = 2*c, -5*v = -2*c + 6*c - 248. What are the prime factors of c?
3, 19
Let c(j) = -j**3 - 10*j**2 - 24*j - 15. List the prime factors of c(-9).
2, 3, 5
Let w be (-100)/55 + 2 + 42/11. Suppose 384 = w*f - 176. List the prime factors of f.
2, 5, 7
Let v(h) = 47*h**2 - 2*h + 1. Let a be v(1). Suppose -10*i + 34 + a = 0. List the prime factors of i.
2
Let n be -4*(3 - (4 + 15)). Suppose 0 = q - s - n, -3*q = 2*q + 5*s - 330. What are the prime factors of q?
5, 13
Suppose 78 = 2*i - 2*x, 3*i + 0*i - 2*x - 116 = 0. Suppose 4*k = y - 20, 2*k = -4*y - 16 + 60. Let z = i - y. What are the prime factors of z?
2, 13
Suppose 713*h - 3416 = 709*h. What are the prime factors of h?
2, 7, 61
Suppose -75 = -5*q - 3*v, -5*q - 2*v = 2*v - 80. Suppose -5*t + 0*t - 40 = 0. Let g = q + t. List the prime factors of g.
2
Suppose 49*s - 53*s + 5264 = 0. What are the prime factors of s?
2, 7, 47
Let x(l) = l**3 + 11*l**2 - 15*l - 6. Suppose 3*r + 225 = 4*u, -6*u + 295 = -u - r. Suppose -u = 2*n + 3*n. What are the prime factors of x(n)?
2, 3, 5
Suppose -q = -5*d + 595, 0*d = -d + 3*q + 119. Let f = d - 16. What are the prime factors of f?
103
Suppose 4*o - 3*j = 592, 5*o + 14*j = 11*j + 713. What are the prime factors of o?
5, 29
Suppose 5*m - 3*m = -2*s - 24, -5*m = -5*s + 50. Let g(w) = -17*w + 45. List the prime factors of g(m).
2, 29
Suppose -4*x - 587 + 147 = 0. Let h = x - -69. Let t = h + 73. List the prime factors of t.
2
Let i(h) = -3*h + 17*h - 3 - h**2 - 4*h. Let l be i(6). Suppose -4 = -5*w + l. List the prime factors of w.
5
Let q(r) = 738*r - 63. What are the prime factors of q(7)?
3, 7
Suppose 3 + 9 = -3*o. Let r(v) = 13*v - 9. Let c be r(o). List the prime factors of 4/18 + c/(-9).
7
Suppose 11 + 29 = 5*t. Let w = -36 + 34. Let h = t + w. What are the prime factors of h?
2, 3
Let s(o) = 7*o. Let w be s(5). Let n be ((-8)/(-10))/(7/w). List the prime factors of 0 + (n - 5 - -44).
43
Let m(v) = 9*v - 59. List the prime factors of m(17).
2, 47
Let s(u) = u + 1. Let b(m) = m + 1. Let w be -4*(-1 - (-9)/12). Let n(i) = w*s(i) + b(i). List the prime factors of n(9).
2, 5
Let g(m) = m**3 - 4*m**2 - 5*m + 4. Let o be g(4). Let a(q) = q**2 + 14*q - 1. List the prime factors of a(o).
31
Let h(z) = -z**3 + 8*z**2 + 8*z + 11. Suppose -5 - 13 = -2*c. Let y be h(c). Let w(l) = 9*l - 2. List the prime factors of w(y).
2
Let p be (-30)/40*(1 - 25). Let c be (2/6)/(6/p). Suppose r - 17 + c = -n, n + 64 = 3*r. List the prime factors of r.
2, 5
Let b(x) = x**3 - 8*x**2 + 7*x - 1. Let k be (-1 + -27)*(-2)/8. Let y be b(k). Let o(l) = -27*l**3 + 2*l + 1. List the prime factors of o(y).
2, 13
Suppose -m - 16 = -6*m - 2*g, -5*m + 12 = 4*g. Suppose m*u - 4*w = -95 - 9, 2*u - w + 50 = 0. Let l = u + 46. List the prime factors of l.
2, 11
Let i = 409 - 396. Let y = -2 - 2. Let z = y + i. What are the prime factors of z?
3
Let m(b) be the second derivative of 0 + 1/2*b**2 + b**3 - 2*b. What are the prime factors of m(8)?
7
Suppose -5*s + 12 = 17. Let n(t) = -19*t**3 - t**2 + 4*t**3 + 0 - 2*t - 2. List the prime factors of n(s).
2, 7
Let u = -1346 - -3212. What are the prime factors of u?
2, 3, 311
Let z be 3/(2/6 + (-119)/294). Let a = -4 - z. List the prime factors of a.
2, 19
Suppose -4*o + 0 = -24. Let p(g) = 2*g + 1. Let j be p(-5). List the prime factors of o*((-24)/j)/1.
2
Let b be (-49)/(-14)*40/14. Let v be (12/b)/(14/105). Suppose -5*s = v - 49. List the prime factors of s.
2
Let i = -71 - -61. Let m = i - -50. What are the prime factors of m?
2, 5
List the prime factors of ((-12)/2 + 73)*7.
7, 67
What are the prime factors of ((-222)/(-9)*34)/(3/9)?
2, 17, 37
Suppose b = -83 + 6. Let w = -23 - b. List the prime factors of w.
2, 3
Let m = 445 + 83. What are the prime factors of m?
2, 3, 11
Let j be -27 - (5 + -2)*(-7)/21. What are the prime factors of 4/j - -562*15/39?
2, 3
Let o = -82 + 80. Let v(q) = 2*q*